
Does 25 divide 13883?
False
Is 10 a factor of 480?
True
Is 751 a multiple of 3?
False
Is 3598 a multiple of 83?
False
Is 32681 a multiple of 11?
True
Does 9 divide 9481?
False
Does 7 divide 10751?
False
Is 14880 a multiple of 8?
True
Is 2760 a multiple of 4?
True
Is 11 a factor of 5964?
False
Is 39 a factor of 3792?
False
Is 9 a factor of 87?
False
Is 288 a multiple of 32?
True
Is 46 a factor of 736?
True
Does 5 divide 780?
True
Is 337 a factor of 141774?
False
Is 12825 a multiple of 45?
True
Does 46 divide 46690?
True
Is 68 a factor of 3128?
True
Does 79 divide 217?
False
Is 9 a factor of 15511?
False
Is 26 a factor of 2154?
False
Is 18 a factor of 4410?
True
Is 47 a factor of 940?
True
Is 1680 a multiple of 140?
True
Is 88 a factor of 2948?
False
Is 12 a factor of 60?
True
Is 3330 a multiple of 9?
True
Is 14 a factor of 20997?
False
Does 274 divide 15649?
False
Is 1156 a multiple of 43?
False
Is 13 a factor of 663?
True
Does 19 divide 542?
False
Does 2 divide 1252?
True
Does 24 divide 7488?
True
Is 46 a factor of 46?
True
Is 11 a factor of 11793?
False
Does 119 divide 1547?
True
Is 2520 a multiple of 84?
True
Does 36 divide 540?
True
Is 1433 a multiple of 20?
False
Is 14851 a multiple of 41?
False
Is 4148 a multiple of 68?
True
Is 102 a multiple of 4?
False
Is 68 a factor of 41684?
True
Is 359 a multiple of 42?
False
Does 18 divide 4013?
False
Does 8 divide 2187?
False
Is 44138 a multiple of 39?
False
Is 100 a factor of 1261?
False
Does 12 divide 18?
False
Is 1900 a multiple of 95?
True
Is 23302 a multiple of 191?
True
Does 34 divide 2210?
True
Does 14 divide 1638?
True
Is 792 a multiple of 22?
True
Does 122 divide 8044?
False
Is 12 a factor of 24120?
True
Is 37 a factor of 34558?
True
Is 756 a multiple of 21?
True
Does 8 divide 719?
False
Does 19 divide 12673?
True
Does 138 divide 2858?
False
Is 902 a multiple of 9?
False
Is 16 a factor of 166?
False
Is 113 a factor of 1808?
True
Is 8 a factor of 524?
False
Is 7 a factor of 77?
True
Is 6161 a multiple of 61?
True
Does 35 divide 5537?
False
Is 156 a multiple of 24?
False
Is 37 a factor of 4936?
False
Is 22 a factor of 6512?
True
Does 10 divide 40?
True
Does 63 divide 1512?
True
Does 154 divide 52084?
False
Does 6 divide 128?
False
Is 229 a factor of 36411?
True
Does 37 divide 4070?
True
Is 4812 a multiple of 14?
False
Does 46 divide 21306?
False
Is 9495 a multiple of 15?
True
Does 146 divide 3310?
False
Is 300 a multiple of 25?
True
Is 3145 a multiple of 17?
True
Is 5520 a multiple of 24?
True
Is 44 a factor of 484?
True
Does 65 divide 1040?
True
Is 8 a factor of 208?
True
Does 72 divide 3310?
False
Is 22304 a multiple of 51?
False
Is 27550 a multiple of 58?
True
Does 23 divide 690?
True
Is 1994 a multiple of 4?
False
Is 11 a factor of 11886?
False
Does 61 divide 1150?
False
Is 14 a factor of 686?
True
Does 10 divide 5490?
True
Is 1518 a multiple of 21?
False
Is 57 a factor of 5581?
False
Does 49 divide 5635?
True
Is 14 a factor of 13412?
True
Does 16 divide 416?
True
Does 62 divide 45027?
False
Is 18 a factor of 2142?
True
Does 41 divide 451?
True
Does 21 divide 77438?
False
Is 15 a factor of 2835?
True
Is 11643 a multiple of 15?
False
Is 350 a multiple of 3?
False
Does 8 divide 448?
True
Does 3 divide 6427?
False
Is 132 a factor of 49202?
False
Is 28 a factor of 3501?
False
Does 8 divide 13338?
False
Does 13 divide 46767?
False
Does 10 divide 583?
False
Is 8287 a multiple of 30?
False
Is 86 a multiple of 9?
False
Is 21940 a multiple of 7?
False
Does 35 divide 3739?
False
Does 11 divide 14861?
True
Is 33 a factor of 231?
True
Is 3 a factor of 952?
False
Is 4785 a multiple of 15?
True
Is 2417 a multiple of 10?
False
Does 31 divide 5983?
True
Does 44 divide 555?
False
Is 16100 a multiple of 28?
True
Is 19 a factor of 27?
False
Is 17863 a multiple of 3?
False
Is 1022 a multiple of 73?
True
Does 5 divide 5158?
False
Is 27508 a multiple of 13?
True
Is 42 a factor of 1470?
True
Does 13 divide 91?
True
Is 16 a factor of 345?
False
Does 11 divide 2569?
False
Does 26 divide 3510?
True
Does 50 divide 750?
True
Does 10 divide 1304?
False
Is 4 a factor of 26912?
True
Does 7 divide 16716?
True
Does 11 divide 43?
False
Is 55 a factor of 382?
False
Is 8680 even?
True
Does 13 divide 21867?
False
Does 47 divide 234?
False
Is 33 a factor of 738?
False
Does 3 divide 110?
False
Is 18 a factor of 1728?
True
Is 108 a multiple of 4?
True
Is 622 a multiple of 5?
False
Does 15 divide 5498?
False
Is 4 a factor of 911?
False
Is 69387 a multiple of 8?
False
Is 1334 a multiple of 27?
False
Is 1548 a multiple of 9?
True
Is 5 a factor of 5044?
False
Does 107 divide 4449?
False
Is 11 a factor of 121?
True
Is 27 a factor of 2997?
True
Is 40 a factor of 5400?
True
Does 15 divide 27922?
False
Does 31 divide 6541?
True
Is 56 a factor of 37800?
True
Is 19 a factor of 209?
True
Does 56 divide 1845?
False
Does 49 divide 1930?
False
Does 28 divide 45472?
True
Is 195 a factor of 26520?
True
Is 20571 a multiple of 163?
False
Does 67 divide 21585?
False
Does 3 divide 19787?
False
Is 16268 a multiple of 353?
False
Is 14 a factor of 45372?
False
Is 24 a factor of 5976?
True
Is 19079 a multiple of 13?
False
Is 6 a factor of 9487?
False
Is 300 a multiple of 12?
True
Is 14553 a multiple of 12?
False
Is 2265 a multiple of 5?
True
Is 21473 a multiple of 31?
False
Is 151 a multiple of 5?
False
Is 30 a factor of 3390?
True
Does 51 divide 1632?
True
Is 5201 a multiple of 7?
True
Is 2210 a multiple of 65?
True
Is 3597 a multiple of 3?
True
Does 85 divide 74800?
True
Is 112 a factor of 21056?
True
Does 32 divide 5483?
False
Is 91 a multiple of 14?
False
Is 203 a factor of 48517?
True
Is 6044 a multiple of 409?
False
Is 12166 a multiple of 79?
True
Is 51792 a multiple of 9?
False
Does 10 divide 13861?
False
Is 171 a factor of 23940?
True
Is 4 even?
True
Does 16 divide 736?
True
Does 24 divide 7073?
False
Is 19 a factor of 133?
True
Is 5957 a multiple of 112?
False
Does 29 divide 12512?
False
Does 37 divide 925?
True
Does 32 divide 2784?
True
Is 107 even?
False
Is 14 a factor of 352?
False
Is 38 a factor of 54492?
True
Does 72 divide 11946?
False
Is 1599 a multiple of 179?
False
Is 13 a factor of 20?
False
Is 8606 a multiple of 23?
False
Does 66 divide 17028?
True
Does 31 divide 4092?
True
Does 10 divide 23340?
True
Is 134802 a multiple of 102?
False
Is 752 a multiple of 41?
False
Is 17304 a multiple of 25?
False
Is 9 a factor of 3730?
False
Is 20170 a multiple of 295?
False
Does 153 divide 2142?
True
Is 2 a factor of 2508?
True
Is 12 a factor of 1095?
False
Is 22 a factor of 4056?
False
Does 120 divide 442?
False
Is 311 a factor of 8808?
False
Is 19355 a multiple of 49?
True
Does 61 divide 793?
True
Is 18458 a multiple of 22?
True
Is 134 a factor of 34840?
True
Is 2090 a multiple of 110?
True
Is 166 a multiple of 9?
False
Is 65 a factor of 26390?
True
Does 70 divide 3640?
True
Is 139 a factor of 53376?
True
Does 7 divide 27265?
True
Is 1242 a multiple of 3?
True
Does 54 divide 14418?
True
Is 16 a factor of 3264?
True
Is 9 a factor of 7830?
True
Is 230 a multiple of 4?
False
Is 54864 a multiple of 400?
False
Is 6023 a multiple of 50?
False
Does 69 divide 853?
False
Is 81845 a multiple of 19?
False
Is 7224 a multiple of 43?
True
Does 8 divide 791?
False
Is 1804 a multiple of 107?
False
Does 72 divide 1238?
False
Is 12004 a multiple of 161?
False
Is 88 a factor of 2024?
True
Does 5 divide 37?
False
Is 750 a multiple of 25?
True
Is 3631 a multiple of 2?
False
Does 18 divide 1044?
True
Is 40 a factor of 21901?
False
Is 12 a factor of 509?
False
Is 76 a factor of 588?
False
Does 42 divide 210?
True
Is 6476 a multiple of 259?
False
Is 24 a factor of 4320?
True
Is 864 a multiple of 36?
True
Is 18 a factor of 65870?
False
Is 248 a multiple of 15?
False
Is 645 a multiple of 129?
True
Is 166 a factor of 4150?
True
Does 17 divide 32572?
True
Does 50 divide 16197?
False
Is 4 a factor of 2494?
False
Does 45 divide 7965?
True
Is 52 a factor of 14612?
True
Is 2260 even?
True
Is 2175 a multiple of 29?
True
Is 1342 a multiple of 25?
False
Is 456 a multiple of 120?
False
Is 84 a factor of 3082?
False
Does 243 divide 13035?
False
Is 561 a multiple of 33?
True
Does 124 divide 868?
True
Is 2821 a multiple of 31?
True
Is 2838 a multiple of 150?
False
Does 52 div